{"id":1154,"date":"2025-01-22T09:49:51","date_gmt":"2025-01-22T09:49:51","guid":{"rendered":"https:\/\/pollyana.sanzza.eu\/?page_id=1154"},"modified":"2025-02-11T17:09:31","modified_gmt":"2025-02-11T17:09:31","slug":"sobre","status":"publish","type":"page","link":"https:\/\/pollyana.sanzza.eu\/?page_id=1154","title":{"rendered":"Sobre"},"content":{"rendered":"\t\t<div data-elementor-type=\"wp-page\" data-elementor-id=\"1154\" class=\"elementor elementor-1154\" data-elementor-post-type=\"page\">\n\t\t\t\t<div class=\"elementor-element elementor-element-3ef4ac8 e-flex e-con-boxed e-con e-parent\" data-id=\"3ef4ac8\" data-element_type=\"container\" data-settings=\"{&quot;background_background&quot;:&quot;classic&quot;}\">\n\t\t\t\t\t<div class=\"e-con-inner\">\n\t\t<div class=\"elementor-element elementor-element-5b0ddeb e-con-full e-flex e-con e-child\" data-id=\"5b0ddeb\" data-element_type=\"container\">\n\t\t<div class=\"elementor-element elementor-element-00799dc e-con-full e-flex e-con e-child\" data-id=\"00799dc\" data-element_type=\"container\">\n\t\t\t\t<div class=\"elementor-element elementor-element-dc52130 elementor-widget elementor-widget-heading\" data-id=\"dc52130\" data-element_type=\"widget\" data-widget_type=\"heading.default\">\n\t\t\t\t<div class=\"elementor-widget-container\">\n\t\t\t\t\t<h1 class=\"elementor-heading-title elementor-size-default\">Centro de Est\u00e9tica Pollyana Porto<\/h1>\t\t\t\t<\/div>\n\t\t\t\t<\/div>\n\t\t\t\t<div class=\"elementor-element elementor-element-7d8a414 degrade elementor-widget elementor-widget-heading\" data-id=\"7d8a414\" data-element_type=\"widget\" data-widget_type=\"heading.default\">\n\t\t\t\t<div class=\"elementor-widget-container\">\n\t\t\t\t\t<h2 class=\"elementor-heading-title elementor-size-default\">Sobre o Centro<\/h2>\t\t\t\t<\/div>\n\t\t\t\t<\/div>\n\t\t\t\t<\/div>\n\t\t\t\t<div class=\"elementor-element elementor-element-14fdb96 elementor-widget elementor-widget-text-editor\" data-id=\"14fdb96\" data-element_type=\"widget\" data-widget_type=\"text-editor.default\">\n\t\t\t\t<div class=\"elementor-widget-container\">\n\t\t\t\t\t\t\t\t\t<p>Na Pollyana Porto, acreditamos que a beleza \u00e9 mais do que t\u00e9cnica \u2014 \u00e9 transforma\u00e7\u00e3o. Somos o \u00fanico centro de forma\u00e7\u00e3o no Porto que combina tecnologia, exclusividade e inspira\u00e7\u00e3o, criando um espa\u00e7o onde os profissionais da est\u00e9tica n\u00e3o s\u00f3 aprendem, mas tamb\u00e9m se redescobrem.<\/p><p>Aqui, cada detalhe foi pensado para oferecer algo que ningu\u00e9m mais pode dar: infraestruturas t\u00e9cnicas \u00fanicas, preparadas para forma\u00e7\u00f5es pr\u00e1ticas que desafiam os limites do comum. Trabalhamos lado a lado com os maiores influenciadores do setor, trazendo o que h\u00e1 de mais inovador em produtos exclusivos, diretamente do Brasil para a Europa.<\/p>\t\t\t\t\t\t\t\t<\/div>\n\t\t\t\t<\/div>\n\t\t\t\t<\/div>\n\t\t<div class=\"elementor-element elementor-element-b8a450b e-con-full e-flex e-con e-child\" data-id=\"b8a450b\" data-element_type=\"container\">\n\t\t\t\t<div class=\"elementor-element elementor-element-bdc7967 elementor-widget elementor-widget-image\" data-id=\"bdc7967\" data-element_type=\"widget\" data-widget_type=\"image.default\">\n\t\t\t\t<div class=\"elementor-widget-container\">\n\t\t\t\t\t\t\t\t\t\t\t\t\t\t\t<img fetchpriority=\"high\" decoding=\"async\" width=\"1080\" height=\"1080\" src=\"https:\/\/pollyana.sanzza.eu\/wp-content\/uploads\/2025\/02\/pollyana-porto-espaco-eventos.webp\" class=\"attachment-full size-full wp-image-2157\" alt=\"\" srcset=\"https:\/\/pollyana.sanzza.eu\/wp-content\/uploads\/2025\/02\/pollyana-porto-espaco-eventos.webp 1080w, https:\/\/pollyana.sanzza.eu\/wp-content\/uploads\/2025\/02\/pollyana-porto-espaco-eventos-300x300.webp 300w, https:\/\/pollyana.sanzza.eu\/wp-content\/uploads\/2025\/02\/pollyana-porto-espaco-eventos-1024x1024.webp 1024w, https:\/\/pollyana.sanzza.eu\/wp-content\/uploads\/2025\/02\/pollyana-porto-espaco-eventos-150x150.webp 150w, https:\/\/pollyana.sanzza.eu\/wp-content\/uploads\/2025\/02\/pollyana-porto-espaco-eventos-768x768.webp 768w\" sizes=\"(max-width: 1080px) 100vw, 1080px\" \/>\t\t\t\t\t\t\t\t\t\t\t\t\t\t\t<\/div>\n\t\t\t\t<\/div>\n\t\t\t\t<\/div>\n\t\t\t\t\t<\/div>\n\t\t\t\t<\/div>\n\t\t<div class=\"elementor-element elementor-element-b23e81e e-flex e-con-boxed e-con e-parent\" data-id=\"b23e81e\" data-element_type=\"container\" data-settings=\"{&quot;background_background&quot;:&quot;classic&quot;}\">\n\t\t\t\t\t<div class=\"e-con-inner\">\n\t\t<div class=\"elementor-element elementor-element-db2628e e-con-full e-flex e-con e-child\" data-id=\"db2628e\" data-element_type=\"container\">\n\t\t\t\t<div class=\"elementor-element elementor-element-f21fb13 elementor-widget elementor-widget-image\" data-id=\"f21fb13\" data-element_type=\"widget\" data-widget_type=\"image.default\">\n\t\t\t\t<div class=\"elementor-widget-container\">\n\t\t\t\t\t\t\t\t\t\t\t\t\t\t\t<img decoding=\"async\" width=\"1283\" height=\"1405\" src=\"https:\/\/pollyana.sanzza.eu\/wp-content\/uploads\/2025\/02\/cursos-estetica-pollyana-porto.webp\" class=\"attachment-full size-full wp-image-1476\" alt=\"Cursos de est\u00e9tica Pollyana Porto\" srcset=\"https:\/\/pollyana.sanzza.eu\/wp-content\/uploads\/2025\/02\/cursos-estetica-pollyana-porto.webp 1283w, https:\/\/pollyana.sanzza.eu\/wp-content\/uploads\/2025\/02\/cursos-estetica-pollyana-porto-274x300.webp 274w, https:\/\/pollyana.sanzza.eu\/wp-content\/uploads\/2025\/02\/cursos-estetica-pollyana-porto-935x1024.webp 935w, https:\/\/pollyana.sanzza.eu\/wp-content\/uploads\/2025\/02\/cursos-estetica-pollyana-porto-768x841.webp 768w\" sizes=\"(max-width: 1283px) 100vw, 1283px\" \/>\t\t\t\t\t\t\t\t\t\t\t\t\t\t\t<\/div>\n\t\t\t\t<\/div>\n\t\t\t\t<\/div>\n\t\t<div class=\"elementor-element elementor-element-b769593 e-con-full e-flex e-con e-child\" data-id=\"b769593\" data-element_type=\"container\">\n\t\t<div class=\"elementor-element elementor-element-7c203e7 e-con-full e-flex e-con e-child\" data-id=\"7c203e7\" data-element_type=\"container\">\n\t\t\t\t<div class=\"elementor-element elementor-element-b15d58f elementor-widget elementor-widget-heading\" data-id=\"b15d58f\" data-element_type=\"widget\" data-widget_type=\"heading.default\">\n\t\t\t\t<div class=\"elementor-widget-container\">\n\t\t\t\t\t<h2 class=\"elementor-heading-title elementor-size-default\">Centro T\u00e9cnico de Cursos de Est\u00e9tica<\/h2>\t\t\t\t<\/div>\n\t\t\t\t<\/div>\n\t\t\t\t<div class=\"elementor-element elementor-element-b5dec0f degrade elementor-widget elementor-widget-heading\" data-id=\"b5dec0f\" data-element_type=\"widget\" data-widget_type=\"heading.default\">\n\t\t\t\t<div class=\"elementor-widget-container\">\n\t\t\t\t\t<h3 class=\"elementor-heading-title elementor-size-default\">Pollyana Porto<\/h3>\t\t\t\t<\/div>\n\t\t\t\t<\/div>\n\t\t\t\t<\/div>\n\t\t\t\t<div class=\"elementor-element elementor-element-779702e elementor-widget elementor-widget-text-editor\" data-id=\"779702e\" data-element_type=\"widget\" data-widget_type=\"text-editor.default\">\n\t\t\t\t<div class=\"elementor-widget-container\">\n\t\t\t\t\t\t\t\t\t<p>Mas n\u00e3o \u00e9 s\u00f3 sobre ensinar t\u00e9cnicas. \u00c9 sobre criar experi\u00eancias que conectam, empoderam e inspiram. Na Pollyana Porto, cada aluno sai n\u00e3o s\u00f3 com mais conhecimento, mas com uma nova vis\u00e3o de quem pode ser no mercado de est\u00e9tica.<\/p><p>Somos mais do que uma escola. Somos um lugar onde o talento encontra o futuro e onde a paix\u00e3o pela beleza ganha vida.<\/p><p>Deixa-te apaixonar por um projeto que n\u00e3o \u00e9 apenas inovador \u2014 \u00e9 revolucion\u00e1rio. Descobre a Pollyana Porto e transforma o que pensas ser poss\u00edvel na est\u00e9tica.<\/p>\t\t\t\t\t\t\t\t<\/div>\n\t\t\t\t<\/div>\n\t\t\t\t<\/div>\n\t\t\t\t\t<\/div>\n\t\t\t\t<\/div>\n\t\t<div class=\"elementor-element elementor-element-0cfd255 e-con-full e-flex e-con e-parent\" data-id=\"0cfd255\" data-element_type=\"container\">\n\t\t\t\t<div class=\"elementor-element elementor-element-ceafaf2 elementor-widget__width-initial elementor-widget elementor-widget-html\" data-id=\"ceafaf2\" data-element_type=\"widget\" data-widget_type=\"html.default\">\n\t\t\t\t<div class=\"elementor-widget-container\">\n\t\t\t\t\t<div class=\"marquee\">\r\n    <div class=\"marquee__group\">\r\n      <span>forma\u00e7\u00e3o profissional internacional \u00b7 <\/span>\r\n      <span>t\u00e9cnicas avan\u00e7adas de beleza \u00b7 <\/span>\r\n      <span>certifica\u00e7\u00e3o profissional \u00b7 <\/span>\r\n      <span>workshops exclusivos \u00b7 <\/span>\r\n      <span>mentoria especializada \u00b7 <\/span>\r\n    <\/div>\r\n    <div class=\"marquee__group\" aria-hidden=\"true\">\r\n      <span>forma\u00e7\u00e3o profissional internacional \u00b7 <\/span>\r\n      <span>t\u00e9cnicas avan\u00e7adas de beleza \u00b7 <\/span>\r\n      <span>certifica\u00e7\u00e3o profissional \u00b7 <\/span>\r\n      <span>workshops exclusivos \u00b7 <\/span>\r\n      <span>mentoria especializada \u00b7 <\/span>\r\n    <\/div>\r\n<\/div>\t\t\t\t<\/div>\n\t\t\t\t<\/div>\n\t\t\t\t<\/div>\n\t\t<div class=\"elementor-element elementor-element-e1a2986 e-flex e-con-boxed e-con e-parent\" data-id=\"e1a2986\" data-element_type=\"container\">\n\t\t\t\t\t<div class=\"e-con-inner\">\n\t\t\t\t<div class=\"elementor-element elementor-element-20858ff elementor-widget elementor-widget-video\" data-id=\"20858ff\" data-element_type=\"widget\" data-settings=\"{&quot;youtube_url&quot;:&quot;https:\\\/\\\/www.youtube.com\\\/shorts\\\/7oyjLNNE7aw&quot;,&quot;show_image_overlay&quot;:&quot;yes&quot;,&quot;image_overlay&quot;:{&quot;url&quot;:&quot;https:\\\/\\\/pollyana.sanzza.eu\\\/wp-content\\\/uploads\\\/2025\\\/01\\\/visualelectric-1737321058470.png&quot;,&quot;id&quot;:190,&quot;size&quot;:&quot;&quot;,&quot;alt&quot;:&quot;&quot;,&quot;source&quot;:&quot;library&quot;},&quot;lightbox&quot;:&quot;yes&quot;,&quot;video_type&quot;:&quot;youtube&quot;,&quot;controls&quot;:&quot;yes&quot;}\" data-widget_type=\"video.default\">\n\t\t\t\t<div class=\"elementor-widget-container\">\n\t\t\t\t\t\t\t<div class=\"elementor-wrapper elementor-open-lightbox\">\n\t\t\t\t\t\t\t<div class=\"elementor-custom-embed-image-overlay\" data-elementor-open-lightbox=\"yes\" data-elementor-lightbox=\"{&quot;type&quot;:&quot;video&quot;,&quot;videoType&quot;:&quot;youtube&quot;,&quot;url&quot;:&quot;https:\\\/\\\/www.youtube.com\\\/embed\\\/7oyjLNNE7aw?feature=oembed&amp;start&amp;end&amp;wmode=opaque&amp;loop=0&amp;controls=1&amp;mute=0&amp;rel=0&amp;modestbranding=0&amp;cc_load_policy=0&quot;,&quot;autoplay&quot;:&quot;&quot;,&quot;modalOptions&quot;:{&quot;id&quot;:&quot;elementor-lightbox-20858ff&quot;,&quot;entranceAnimation&quot;:&quot;&quot;,&quot;entranceAnimation_tablet&quot;:&quot;&quot;,&quot;entranceAnimation_mobile&quot;:&quot;&quot;,&quot;videoAspectRatio&quot;:&quot;169&quot;}}\" data-e-action-hash=\"#elementor-action%3Aaction%3Dlightbox%26settings%3DeyJ0eXBlIjoidmlkZW8iLCJ2aWRlb1R5cGUiOiJ5b3V0dWJlIiwidXJsIjoiaHR0cHM6XC9cL3d3dy55b3V0dWJlLmNvbVwvZW1iZWRcLzdveWpMTk5FN2F3P2ZlYXR1cmU9b2VtYmVkJnN0YXJ0JmVuZCZ3bW9kZT1vcGFxdWUmbG9vcD0wJmNvbnRyb2xzPTEmbXV0ZT0wJnJlbD0wJm1vZGVzdGJyYW5kaW5nPTAmY2NfbG9hZF9wb2xpY3k9MCIsImF1dG9wbGF5IjoiIiwibW9kYWxPcHRpb25zIjp7ImlkIjoiZWxlbWVudG9yLWxpZ2h0Ym94LTIwODU4ZmYiLCJlbnRyYW5jZUFuaW1hdGlvbiI6IiIsImVudHJhbmNlQW5pbWF0aW9uX3RhYmxldCI6IiIsImVudHJhbmNlQW5pbWF0aW9uX21vYmlsZSI6IiIsInZpZGVvQXNwZWN0UmF0aW8iOiIxNjkifX0%3D\">\n\t\t\t\t\t\t\t\t\t\t\t<img decoding=\"async\" width=\"1024\" height=\"1024\" src=\"https:\/\/pollyana.sanzza.eu\/wp-content\/uploads\/2025\/01\/visualelectric-1737321058470.png\" class=\"attachment-full size-full wp-image-190\" alt=\"\" srcset=\"https:\/\/pollyana.sanzza.eu\/wp-content\/uploads\/2025\/01\/visualelectric-1737321058470.png 1024w, https:\/\/pollyana.sanzza.eu\/wp-content\/uploads\/2025\/01\/visualelectric-1737321058470-300x300.png 300w, https:\/\/pollyana.sanzza.eu\/wp-content\/uploads\/2025\/01\/visualelectric-1737321058470-150x150.png 150w, https:\/\/pollyana.sanzza.eu\/wp-content\/uploads\/2025\/01\/visualelectric-1737321058470-768x768.png 768w\" sizes=\"(max-width: 1024px) 100vw, 1024px\" \/>\t\t\t\t\t\t\t\t\t\t\t\t\t\t\t\t<div class=\"elementor-custom-embed-play\" role=\"button\" aria-label=\"Reproduzir v\u00eddeo\" tabindex=\"0\">\n\t\t\t\t\t\t\t<svg aria-hidden=\"true\" class=\"e-font-icon-svg e-eicon-play\" viewBox=\"0 0 1000 1000\" xmlns=\"http:\/\/www.w3.org\/2000\/svg\"><path d=\"M838 162C746 71 633 25 500 25 371 25 258 71 163 162 71 254 25 367 25 500 25 633 71 746 163 837 254 929 367 979 500 979 633 979 746 933 838 837 929 746 975 633 975 500 975 367 929 254 838 162M808 192C892 279 933 379 933 500 933 621 892 725 808 808 725 892 621 938 500 938 379 938 279 896 196 808 113 725 67 621 67 500 67 379 108 279 196 192 279 108 383 62 500 62 621 62 721 108 808 192M438 392V642L642 517 438 392Z\"><\/path><\/svg>\t\t\t\t\t\t<\/div>\n\t\t\t\t\t\t\t\t\t<\/div>\n\t\t\t\t\t<\/div>\n\t\t\t\t\t\t<\/div>\n\t\t\t\t<\/div>\n\t\t\t\t\t<\/div>\n\t\t\t\t<\/div>\n\t\t<div class=\"elementor-element elementor-element-d4f42ce e-flex e-con-boxed e-con e-parent\" data-id=\"d4f42ce\" data-element_type=\"container\" data-settings=\"{&quot;background_background&quot;:&quot;classic&quot;}\">\n\t\t\t\t\t<div class=\"e-con-inner\">\n\t\t<div class=\"elementor-element elementor-element-9633feb e-con-full e-flex e-con e-child\" data-id=\"9633feb\" data-element_type=\"container\">\n\t\t<div class=\"elementor-element elementor-element-e109a34 e-con-full e-flex e-con e-child\" data-id=\"e109a34\" data-element_type=\"container\">\n\t\t\t\t<div class=\"elementor-element elementor-element-d349414 elementor-widget elementor-widget-heading\" data-id=\"d349414\" data-element_type=\"widget\" data-widget_type=\"heading.default\">\n\t\t\t\t<div class=\"elementor-widget-container\">\n\t\t\t\t\t<h2 class=\"elementor-heading-title elementor-size-default\">Cursos de Est\u00e9tica Pollyana Porto<\/h2>\t\t\t\t<\/div>\n\t\t\t\t<\/div>\n\t\t\t\t<div class=\"elementor-element elementor-element-7332e28 degrade elementor-widget elementor-widget-heading\" data-id=\"7332e28\" data-element_type=\"widget\" data-widget_type=\"heading.default\">\n\t\t\t\t<div class=\"elementor-widget-container\">\n\t\t\t\t\t<h3 class=\"elementor-heading-title elementor-size-default\">Por que escolher o nosso centro<\/h3>\t\t\t\t<\/div>\n\t\t\t\t<\/div>\n\t\t\t\t<\/div>\n\t\t\t\t<div class=\"elementor-element elementor-element-5ccd6bf elementor-widget elementor-widget-image\" data-id=\"5ccd6bf\" data-element_type=\"widget\" data-widget_type=\"image.default\">\n\t\t\t\t<div class=\"elementor-widget-container\">\n\t\t\t\t\t\t\t\t\t\t\t\t\t\t\t<img loading=\"lazy\" decoding=\"async\" width=\"800\" height=\"800\" src=\"https:\/\/pollyana.sanzza.eu\/wp-content\/uploads\/2025\/01\/visualelectric-1737321320721.png\" class=\"attachment-large size-large wp-image-192\" alt=\"\" srcset=\"https:\/\/pollyana.sanzza.eu\/wp-content\/uploads\/2025\/01\/visualelectric-1737321320721.png 1024w, https:\/\/pollyana.sanzza.eu\/wp-content\/uploads\/2025\/01\/visualelectric-1737321320721-300x300.png 300w, https:\/\/pollyana.sanzza.eu\/wp-content\/uploads\/2025\/01\/visualelectric-1737321320721-150x150.png 150w, https:\/\/pollyana.sanzza.eu\/wp-content\/uploads\/2025\/01\/visualelectric-1737321320721-768x768.png 768w\" sizes=\"(max-width: 800px) 100vw, 800px\" \/>\t\t\t\t\t\t\t\t\t\t\t\t\t\t\t<\/div>\n\t\t\t\t<\/div>\n\t\t<div class=\"elementor-element elementor-element-72c456b e-con-full elementor-hidden-mobile e-flex e-con e-child\" data-id=\"72c456b\" data-element_type=\"container\" data-settings=\"{&quot;background_background&quot;:&quot;gradient&quot;,&quot;position&quot;:&quot;absolute&quot;}\">\n\t\t\t\t<div class=\"elementor-element elementor-element-124e667 elementor-widget__width-initial elementor-widget elementor-widget-counter\" data-id=\"124e667\" data-element_type=\"widget\" data-widget_type=\"counter.default\">\n\t\t\t\t<div class=\"elementor-widget-container\">\n\t\t\t\t\t\t\t<div class=\"elementor-counter\">\n\t\t\t<div class=\"elementor-counter-title\">Anos no Mercado<\/div>\t\t\t<div class=\"elementor-counter-number-wrapper\">\n\t\t\t\t<span class=\"elementor-counter-number-prefix\"><\/span>\n\t\t\t\t<span class=\"elementor-counter-number\" data-duration=\"2000\" data-to-value=\"15\" data-from-value=\"0\" data-delimiter=\",\">0<\/span>\n\t\t\t\t<span class=\"elementor-counter-number-suffix\">+<\/span>\n\t\t\t<\/div>\n\t\t<\/div>\n\t\t\t\t\t\t<\/div>\n\t\t\t\t<\/div>\n\t\t\t\t<div class=\"elementor-element elementor-element-2eb4e89 elementor-widget__width-initial elementor-widget elementor-widget-counter\" data-id=\"2eb4e89\" data-element_type=\"widget\" data-widget_type=\"counter.default\">\n\t\t\t\t<div class=\"elementor-widget-container\">\n\t\t\t\t\t\t\t<div class=\"elementor-counter\">\n\t\t\t<div class=\"elementor-counter-title\">Alunas Transformadas<\/div>\t\t\t<div class=\"elementor-counter-number-wrapper\">\n\t\t\t\t<span class=\"elementor-counter-number-prefix\"><\/span>\n\t\t\t\t<span class=\"elementor-counter-number\" data-duration=\"2000\" data-to-value=\"500\" data-from-value=\"0\" data-delimiter=\",\">0<\/span>\n\t\t\t\t<span class=\"elementor-counter-number-suffix\">+<\/span>\n\t\t\t<\/div>\n\t\t<\/div>\n\t\t\t\t\t\t<\/div>\n\t\t\t\t<\/div>\n\t\t\t\t<\/div>\n\t\t\t\t<\/div>\n\t\t<div class=\"elementor-element elementor-element-a0a28d3 e-con-full e-flex e-con e-child\" data-id=\"a0a28d3\" data-element_type=\"container\">\n\t\t\t\t<div class=\"elementor-element elementor-element-3a3ee76 elementor-widget elementor-widget-text-editor\" data-id=\"3a3ee76\" data-element_type=\"widget\" data-widget_type=\"text-editor.default\">\n\t\t\t\t<div class=\"elementor-widget-container\">\n\t\t\t\t\t\t\t\t\t<p>A Pollyana Porto n\u00e3o \u00e9 apenas um centro de forma\u00e7\u00e3o \u2013 \u00e9 o in\u00edcio de uma nova etapa na tua carreira, onde talento e estrat\u00e9gia se unem para criar l\u00edderes do mercado da beleza:<\/p>\t\t\t\t\t\t\t\t<\/div>\n\t\t\t\t<\/div>\n\t\t\t\t<div class=\"elementor-element elementor-element-491627a elementor-icon-list--layout-traditional elementor-list-item-link-full_width elementor-widget elementor-widget-icon-list\" data-id=\"491627a\" data-element_type=\"widget\" data-widget_type=\"icon-list.default\">\n\t\t\t\t<div class=\"elementor-widget-container\">\n\t\t\t\t\t\t\t<ul class=\"elementor-icon-list-items\">\n\t\t\t\t\t\t\t<li class=\"elementor-icon-list-item\">\n\t\t\t\t\t\t\t\t\t\t\t<span class=\"elementor-icon-list-icon\">\n\t\t\t\t\t\t\t<svg aria-hidden=\"true\" class=\"e-font-icon-svg e-fas-check\" viewBox=\"0 0 512 512\" xmlns=\"http:\/\/www.w3.org\/2000\/svg\"><path d=\"M173.898 439.404l-166.4-166.4c-9.997-9.997-9.997-26.206 0-36.204l36.203-36.204c9.997-9.998 26.207-9.998 36.204 0L192 312.69 432.095 72.596c9.997-9.997 26.207-9.997 36.204 0l36.203 36.204c9.997 9.997 9.997 26.206 0 36.204l-294.4 294.401c-9.998 9.997-26.207 9.997-36.204-.001z\"><\/path><\/svg>\t\t\t\t\t\t<\/span>\n\t\t\t\t\t\t\t\t\t\t<span class=\"elementor-icon-list-text\"><b>Exclusivo: <\/b>Infraestrutura t\u00e9cnica \u00fanica no Porto, parcerias com marcas e influenciadores de renome.<\/span>\n\t\t\t\t\t\t\t\t\t<\/li>\n\t\t\t\t\t\t\t\t<li class=\"elementor-icon-list-item\">\n\t\t\t\t\t\t\t\t\t\t\t<span class=\"elementor-icon-list-icon\">\n\t\t\t\t\t\t\t<svg aria-hidden=\"true\" class=\"e-font-icon-svg e-fas-check\" viewBox=\"0 0 512 512\" xmlns=\"http:\/\/www.w3.org\/2000\/svg\"><path d=\"M173.898 439.404l-166.4-166.4c-9.997-9.997-9.997-26.206 0-36.204l36.203-36.204c9.997-9.998 26.207-9.998 36.204 0L192 312.69 432.095 72.596c9.997-9.997 26.207-9.997 36.204 0l36.203 36.204c9.997 9.997 9.997 26.206 0 36.204l-294.4 294.401c-9.998 9.997-26.207 9.997-36.204-.001z\"><\/path><\/svg>\t\t\t\t\t\t<\/span>\n\t\t\t\t\t\t\t\t\t\t<span class=\"elementor-icon-list-text\"><b>Completo: <\/b>Integra\u00e7\u00e3o de t\u00e9cnicas pr\u00e1ticas, marketing digital e gest\u00e3o.<\/span>\n\t\t\t\t\t\t\t\t\t<\/li>\n\t\t\t\t\t\t\t\t<li class=\"elementor-icon-list-item\">\n\t\t\t\t\t\t\t\t\t\t\t<span class=\"elementor-icon-list-icon\">\n\t\t\t\t\t\t\t<svg aria-hidden=\"true\" class=\"e-font-icon-svg e-fas-check\" viewBox=\"0 0 512 512\" xmlns=\"http:\/\/www.w3.org\/2000\/svg\"><path d=\"M173.898 439.404l-166.4-166.4c-9.997-9.997-9.997-26.206 0-36.204l36.203-36.204c9.997-9.998 26.207-9.998 36.204 0L192 312.69 432.095 72.596c9.997-9.997 26.207-9.997 36.204 0l36.203 36.204c9.997 9.997 9.997 26.206 0 36.204l-294.4 294.401c-9.998 9.997-26.207 9.997-36.204-.001z\"><\/path><\/svg>\t\t\t\t\t\t<\/span>\n\t\t\t\t\t\t\t\t\t\t<span class=\"elementor-icon-list-text\"><b>Acess\u00edvel: <\/b>Cursos flex\u00edveis, adaptados \u00e0 realidade financeira e de tempo dos profissionais.<\/span>\n\t\t\t\t\t\t\t\t\t<\/li>\n\t\t\t\t\t\t\t\t<li class=\"elementor-icon-list-item\">\n\t\t\t\t\t\t\t\t\t\t\t<span class=\"elementor-icon-list-icon\">\n\t\t\t\t\t\t\t<svg aria-hidden=\"true\" class=\"e-font-icon-svg e-fas-check\" viewBox=\"0 0 512 512\" xmlns=\"http:\/\/www.w3.org\/2000\/svg\"><path d=\"M173.898 439.404l-166.4-166.4c-9.997-9.997-9.997-26.206 0-36.204l36.203-36.204c9.997-9.998 26.207-9.998 36.204 0L192 312.69 432.095 72.596c9.997-9.997 26.207-9.997 36.204 0l36.203 36.204c9.997 9.997 9.997 26.206 0 36.204l-294.4 294.401c-9.998 9.997-26.207 9.997-36.204-.001z\"><\/path><\/svg>\t\t\t\t\t\t<\/span>\n\t\t\t\t\t\t\t\t\t\t<span class=\"elementor-icon-list-text\"><b>Conex\u00e3o: <\/b>Uma comunidade vibrante de ex-alunos, influenciadores e profissionais que criam oportunidades para todos.<\/span>\n\t\t\t\t\t\t\t\t\t<\/li>\n\t\t\t\t\t\t<\/ul>\n\t\t\t\t\t\t<\/div>\n\t\t\t\t<\/div>\n\t\t\t\t<\/div>\n\t\t\t\t\t<\/div>\n\t\t\t\t<\/div>\n\t\t\t\t<\/div>\n\t\t","protected":false},"excerpt":{"rendered":"<p>Centro de Est\u00e9tica Pollyana Porto Sobre o Centro Na Pollyana Porto, acreditamos que a beleza \u00e9 mais do que t\u00e9cnica \u2014 \u00e9 transforma\u00e7\u00e3o. Somos o \u00fanico centro de forma\u00e7\u00e3o no Porto que combina tecnologia, exclusividade e inspira\u00e7\u00e3o, criando um espa\u00e7o onde os profissionais da est\u00e9tica n\u00e3o s\u00f3 aprendem, mas tamb\u00e9m se redescobrem. Aqui, cada detalhe [&hellip;]<\/p>\n","protected":false},"author":2,"featured_media":0,"parent":0,"menu_order":0,"comment_status":"closed","ping_status":"closed","template":"elementor_header_footer","meta":{"footnotes":""},"class_list":["post-1154","page","type-page","status-publish","hentry"],"_links":{"self":[{"href":"https:\/\/pollyana.sanzza.eu\/index.php?rest_route=\/wp\/v2\/pages\/1154","targetHints":{"allow":["GET"]}}],"collection":[{"href":"https:\/\/pollyana.sanzza.eu\/index.php?rest_route=\/wp\/v2\/pages"}],"about":[{"href":"https:\/\/pollyana.sanzza.eu\/index.php?rest_route=\/wp\/v2\/types\/page"}],"author":[{"embeddable":true,"href":"https:\/\/pollyana.sanzza.eu\/index.php?rest_route=\/wp\/v2\/users\/2"}],"replies":[{"embeddable":true,"href":"https:\/\/pollyana.sanzza.eu\/index.php?rest_route=%2Fwp%2Fv2%2Fcomments&post=1154"}],"version-history":[{"count":18,"href":"https:\/\/pollyana.sanzza.eu\/index.php?rest_route=\/wp\/v2\/pages\/1154\/revisions"}],"predecessor-version":[{"id":2160,"href":"https:\/\/pollyana.sanzza.eu\/index.php?rest_route=\/wp\/v2\/pages\/1154\/revisions\/2160"}],"wp:attachment":[{"href":"https:\/\/pollyana.sanzza.eu\/index.php?rest_route=%2Fwp%2Fv2%2Fmedia&parent=1154"}],"curies":[{"name":"wp","href":"https:\/\/api.w.org\/{rel}","templated":true}]}}